 of b?
3
Let s = -5 + 3. Let z be s/(-4)*(-1 + 5). List the prime factors of 11 - (z - (-1 + 3)).
11
Let d(g) = g**2 - 2. Let s(w) = w - 15. Let l be s(11). List the prime factors of d(l).
2, 7
List the prime factors of (-54)/(3/6*(-2 + 1)).
2, 3
Let f(l) = 2*l**2 - 27*l - 19. What are the prime factors of f(15)?
2, 13
Let u be (-5)/((-1 + 3)/(-2)). Suppose 3*b = -c + 25, b - u*c = -0*c + 35. List the prime factors of b.
2, 5
Let k be 7*(3 + -2) - 2. Suppose k = -5*m + 6*m. Suppose -t - m = -17. List the prime factors of t.
2, 3
Let k(r) = r + 3. Let m be k(-6). Let i be 7*((-19)/7 - m). Suppose i*y + 52 = 6*y. What are the prime factors of y?
13
Suppose -10 = 4*u - 9*u. Suppose -3*f + 3 = -2*l, 0 = l - u*f + 3 + 1. List the prime factors of (-3 + 26/l)*6.
2
Let b be ((-2)/(-3))/(3/18). Suppose -3*j - 2*m = -j + 48, -2*j = b*m + 42. What are the prime factors of ((-4)/(-3))/((-3)/j)?
2, 3
Let x(b) be the third derivative of b**6/120 + b**4/8 - b**3/3 + b**2. Let v be x(2). Suppose 0 = 2*c + 2*c - v. What are the prime factors of c?
3
Suppose 3*k = 43 + 170. Let i = 104 - k. What are the prime factors of i?
3, 11
Let y be 8 - (0 - (-1 + -2)). Let f be 20/3*(-2 - -5). Suppose y*z = -0*z + f. List the prime factors of z.
2
Let t(j) = -8*j + 1. Let l be t(1). Let u = -2 - l. List the prime factors of u.
5
What are the prime factors of 4/(12/(-9)) + 2*22?
41
Suppose -2*i - 26 = -i. List the prime factors of -1 - (-2 + -1) - i.
2, 7
Suppose u - 1 = -3*r + 23, -161 = -4*u + r. List the prime factors of u.
3, 13
What are the prime factors of (5/15 + 1)*(132 - 0)?
2, 11
Let u be 69/6 + (-3)/(-6). Suppose 2*i = 2*j - 10, 5*j + 3*i - 45 - u = 0. What are the prime factors of j?
3
Let m be (-9)/(-3) + -1 - -1. Suppose -8*a = -m*a - 80. What are the prime factors of a?
2
Let t(x) = -2*x**2 - 7*x + 4. Let g be t(-4). Suppose 0*h + 5*h - 175 = g. List the prime factors of h.
5, 7
Let p = -49 - -53. Let m = -1 + 1. Suppose p*c - 2*q + 0*q - 66 = m, 0 = 5*c - 5*q - 90. What are the prime factors of c?
3, 5
Suppose -40 = -3*x - 109. Let m = -15 - x. What are the prime factors of m?
2
Suppose -4*k + 3 = -3*p + 32, -k - 17 = -4*p. Suppose 4*v + 4*u = 172, -7*u = -p*v - 3*u + 94. List the prime factors of v.
2, 19
Let n(g) = g**2 + 1. Suppose 0 = 2*h - 1 - 3. Let c be h/((-3)/((-27)/(-6))). What are the prime factors of n(c)?
2, 5
Let s = 10 + -5. Suppose 5*z - 8 = 2*l + 17, 0 = -z - l + s. List the prime factors of z.
5
Let k(w) = -4*w + 5. Let b(i) = -1. Let u(z) = 6*b(z) + k(z). What are the prime factors of u(-3)?
11
Suppose -3*x + 5 = -2*x. Let c(w) = 3*w + x*w**2 + 0*w**2 - w + 1. What are the prime factors of c(-1)?
2
Let x(n) = 2*n**2 + 7*n + 5. Let r be x(-4). Suppose -40 = 4*g - r*g - 4*d, d = -4*g + 21. Suppose -5 = -q + g. List the prime factors of q.
3
Let a(z) = z + 15. Let l be a(-13). Suppose -39 + 3 = -l*p. List the prime factors of p.
2, 3
Let w be (-2)/((-2)/(-4) + -1). Suppose w*j - 4 - 4 = 0. Suppose 0 = -j*m - 0*d - d + 21, 3*m = 5*d + 12. What are the prime factors of m?
3
Let s = 471 + -277. List the prime factors of s.
2, 97
Let p be 46 - (-2 - -3)/1. Let b = 63 - p. List the prime factors of b.
2, 3
Suppose -4*o = -58 - 78. Suppose h - o = -h. List the prime factors of h.
17
Let l be (-1 + 2)*(-6 + 8). What are the prime factors of (-3 + 17)*4/l?
2, 7
Suppose 20*g - 16*g = 32. What are the prime factors of g?
2
Suppose -4*q + 3*y = -1, -5 - 2 = 2*q - 3*y. Suppose 0 = -q*j + 4*s - 4 - 8, -j + 3*s - 1 = 0. What are the prime factors of (3/j)/((-1)/12)?
3
Let a(z) = -z**2 + 4*z + 3. Let d be a(4). Let h be 1*(1 + 2) - d. Suppose -3*j - 6*n + n = -35, h = -5*j + 5*n + 45. What are the prime factors of j?
2, 5
Let b be (-4)/4 + (2 - 1). Suppose f - 2*f = b. List the prime factors of 3/(3 + f) + 3.
2
Suppose -3*l + 4*m + 90 + 53 = 0, 0 = 3*l - m - 146. List the prime factors of l.
7
List the prime factors of ((-5)/2)/(210/(-52) + 4).
5, 13
Let b(k) = -k**2 - 16*k - 4. Let n be b(-12). Let l = -31 + n. List the prime factors of l.
13
Let s = -1 - 2. Let v = 6 + s. What are the prime factors of v?
3
List the prime factors of 14/91 - 4210/52*-4.
2, 3
Let u = -9 - -5. Let d = u + 7. List the prime factors of d.
3
Let q be 107 - ((7 - 3) + -3). Suppose 4*z - q + 38 = 0. What are the prime factors of z?
17
Suppose 7 = p - 7. List the prime factors of (-3 + p/4)*58.
29
Let x(n) = 193*n**3 - 2*n**2 + 3*n - 1. What are the prime factors of x(1)?
193
Let w be (-5)/(15/(-12)) - -1. Suppose 3*y = w + 52. List the prime factors of y.
19
Suppose -c + 15 + 2 = 0. What are the prime factors of c?
17
Suppose 2*t - 6*t + 72 = 0. Let l be 352/36 - (-4)/t. Let u = l - 2. List the prime factors of u.
2
Let t be 3*-4*(-2)/12. Suppose t = -n + 6. What are the prime factors of n?
2
Suppose 1 = -4*d + 5. Let r(o) = -o - d + o + 4*o**2. List the prime factors of r(-1).
3
Let a = 2 + 2. Suppose -a*c = v - 29, 3*c + v = 3 + 20. List the prime factors of c.
2, 3
Let t be (4/8)/(2/12). Let i = t - 4. Let u = i + 3. List the prime factors of u.
2
Let j = -3 + 6. Suppose j*m = m + 4. List the prime factors of m.
2
Let c(s) be the third derivative of s**5/60 - s**4/24 + 17*s**3/6 + 2*s**2. What are the prime factors of c(0)?
17
Suppose -2*j + 434 = -0*j. List the prime factors of j.
7, 31
List the prime factors of 16 + 4/((-5)/((-10)/(-4))).
2, 7
Suppose g - 12 + 4 = 0. Let a = 13 - g. Let d = 2 + a. What are the prime factors of d?
7
Let p = -74 - -104. What are the prime factors of p?
2, 3, 5
Let a = -8 - -19. What are the prime factors of a?
11
Let w(n) = 9*n**2 - 5*n - 5. Suppose -3*l + 3 = -2*l, -l = 4*f + 5. List the prime factors of w(f).
41
Let t = 4 - 0. Suppose -t*r - 14 = -5*r. Suppose 4*v = 2*v + r. List the prime factors of v.
7
Suppose 2*v = 2*n + 2*n + 282, 4*n = -20. Suppose -279 = -2*p - q, -v = -2*p - 3*q + 146. What are the prime factors of (-4)/6 + p/21?
2, 3
Suppose 5*y + 4*j = 30, -3*y + 3*j - 14 = -j. Suppose -17 = y*t - 4*t + 3*h, -5*t - 5*h = -5. List the prime factors of 37/t + 6/(-24).
3
Let s = 404 + -252. What are the prime factors of s?
2, 19
Suppose 3*n = 2*v - 346 + 32, 2*v = 5*n + 322. List the prime factors of v.
151
Let i = 79 + -29. Suppose -q + 6*q = -i. Let p = 3 - q. List the prime factors of p.
13
Let t be (-3)/(-6) - 134/(-4). Let p = -8 + t. What are the prime factors of p?
2, 13
Let z(b) = b**2 + 13*b + 1 + 4 - 2. List the prime factors of z(-14).
17
Let f(n) = -n**3 - 10*n**2 - 2*n - 8. Let t be f(-10). Let s = 20 - t. What are the prime factors of s?
2
Let m(t) = t**3 - 2*t**2 + t + 4. Let j be m(3). Suppose 4*z + 0*z = j. List the prime factors of z.
2
Let q = -4 + 3. Let i(y) = 3*y**2 - 10*y + 9. Let v(z) = z**2. Let j(x) = q*i(x) + 2*v(x). List the prime factors of j(7).
2, 3
Suppose 0*l + 5*l = 105. Suppose p - l = -3. List the prime factors of p.
2, 3
Let q be (2 - 3 - -2)*0. Suppose 3*w - 6 = -d + 4*w, q = w + 2. Suppose 0 = d*p - 10 - 22. List the prime factors of p.
2
Let i(b) = 21*b + 5. What are the prime factors of i(2)?
47
Suppose 0*f = -5*f + 3*m - 55, -f - 3*m = -7. What are the prime factors of -2*2*(-14 - f)?
2, 3
Let y = -20 + 23. Suppose 0 = 5*c, a + 2*a = -y*c + 39. What are the prime factors of a?
13
Let n(d) = 3*d**2 + 7*d. Suppose -4*b - 8 = 12. Let l be n(b). Suppose 0 = m + 4*m - l. What are the prime factors of m?
2
Let q = 31 - -6. List the prime factors of q.
37
Let o = -5 - -8. Let f = 10 - o. List the prime factors of f.
7
Let i = -65 + 102. What are the prime factors of i?
37
Let b(s) = -2*s - 3. Let w(p) = -1. Let x(q) = 3*b(q) - 12*w(q). What are the prime factors of x(-4)?
3
Let q(i) = 3*i - 9. Let p be q(6). Let r = p - 7. What are the prime factors of r?
2
Let t = 7 - 4. Let q be 3 - (t - 4 - -2). Suppose 0 = c + j - 4*j + 2, 0 = q*c - 5*j. What are the prime factors of c?
2, 5
Let z(r) = -r**2 + 4*r + 8. Let l be z(7). Let x = 23 + l. List the prime factors of x.
2, 5
Let s(i) = i**3 - 6*i**2 + 5*i - 6. List the prime factors of s(6).
2, 3
Let n be (-9 - -13)*3/4. Suppose 0 = -6*j + n*j + 84. What are the prime factors of j?
2, 7
Suppose 0*a + 20 = -4*a. What are the prime factors of (-2)/(-10) - 104/a?
3, 7
Let u(d) = d**2 + 4*d + 2. Suppose 0 = -3*p - 0*p + 12. Suppose p = 3*c + 22. List th